)/(-2040).
2, 3, 17
Let y = 507 - 355. List the prime factors of y.
2, 19
Let p = 50 + -48. Suppose -3*w + 50 + 258 = -o, -o = -p*w + 205. List the prime factors of w.
103
Let q = 1 - -13. Let c = q - 1. Let y = -9 + c. What are the prime factors of y?
2
Suppose 3*b - 1614 = -4*o, -2*o = -3*o. What are the prime factors of b?
2, 269
Let u(p) be the third derivative of -p**5/60 + p**4/12 + 6*p**2. Let v be u(2). Suppose 0 = 3*m - 5*x + 1, -m - 2*x + 7 = -v*m. List the prime factors of m.
3
Let f(u) be the first derivative of -1/2*u**2 + 9*u + 6. List the prime factors of f(0).
3
Suppose 2*b + 2*b + 16 = 0, 1332 = 2*g + 3*b. List the prime factors of g.
2, 3, 7
Suppose 1 - 2 = -2*f + 5*u, -2*u + 6 = -4*f. What are the prime factors of ((-20)/12 - f)*15?
5
Suppose -l = 3*j - 62, 2*l - 124 = -5*j + 3*j. List the prime factors of l.
2, 31
Let v = -57 - -59. Suppose 4*x - 145 = 3*x - n, v*n = -4*x + 574. What are the prime factors of x?
2, 71
Let n(k) = k - 5. Let q = 35 + -28. Let g be n(q). What are the prime factors of 1/(-2*g/(-36))?
3
Let h = 11 - 9. Suppose c + h*m = 54, 2*m = 3*m + 3. Suppose j - c = -3*j. List the prime factors of j.
3, 5
List the prime factors of 162/2*(4 - 35/(-3)).
3, 47
Let u(q) = 24*q**2 + q + 7. Let c(o) = -o**3 + 8*o**2 + 19*o + 7. Let b be c(10). What are the prime factors of u(b)?
2, 5, 11
Let w(o) = o**3 + o**2 + o - 11. Let t be w(0). Let y = t - -8. Let q = 14 + y. List the prime factors of q.
11
Let q(a) = 6*a**2 - 6*a + 3. Let o(g) = -3*g**2 + 3*g - 1. Let s(n) = 11*o(n) + 6*q(n). What are the prime factors of s(-6)?
7, 19
Let o = 23 + -10. Let y = 27 - o. Let l(a) = -a**2 + 17*a - 7. What are the prime factors of l(y)?
5, 7
Suppose -3*i = 4*c + 7, -3*c + 39 = -4*i + 13. Let o(n) = 9 + 8*n**2 - 3*n**3 + 9*n + 4*n**3 - c + 3*n**2. What are the prime factors of o(-10)?
17
Let t(g) = 989*g - 1. Let x be t(-3). What are the prime factors of x/(-26) + 1/(91/(-14))?
2, 3, 19
Suppose -2*y + 121 = 3*l, -y = l + y - 43. What are the prime factors of l?
3, 13
Suppose -3*o - 144 = 3*a, -2*o = -o + 2. Let b be 3 - (173 - -5)/(-2). Let d = b + a. What are the prime factors of d?
2, 23
Suppose 0 = -4*p + 2470 + 594. List the prime factors of p.
2, 383
Let v(l) = l**2 - 16*l + 16. Let u be v(15). Let c(q) = q - 1. Let y be c(-3). Let h = u - y. List the prime factors of h.
5
Let i(t) = -3*t**2 + 4 - 3*t**3 - t - 9*t + 4*t**3 + 9*t**2. List the prime factors of i(-7).
5
Suppose 7*q = 1092 + 11452. List the prime factors of q.
2, 7
Suppose -13*n = -8*n - 1540. Suppose -n = -4*u - 0*u. Suppose 4*s - u = -5*v - 10, -5*v = 25. What are the prime factors of s?
23
Let h(w) = -w + 7. Let a be h(4). Suppose m = -3*v + 240, 0 = 2*v - a*m - 96 - 75. What are the prime factors of v?
3
Suppose 4*m + 3*k = -16, -5*m = 5*k + 21 + 4. Let o be -4*(-4 - -2) + m. Suppose -4*l + o*l = 126. List the prime factors of l.
2, 3, 7
Let q be 1/1*(1 - -1). Let b(x) = x + 4*x + 4 + x**3 - 7*x**q - 3*x. What are the prime factors of b(7)?
2, 3
List the prime factors of ((-14)/6)/((-2 + -5)/525).
5, 7
Let c be (3/5)/(2 - (-22)/(-10)). Let x(p) = -p**3 - p**2 - 4. List the prime factors of x(c).
2, 7
Suppose -11 = w + 3*b, -2*w - 2*b = b + 7. Suppose w*j + 0*i - 220 = -3*i, j - 55 = -5*i. What are the prime factors of j?
5, 11
Let r(x) = -5*x**3 - 9*x**2 - 6*x + 2. Let y(u) = -6*u**3 - 8*u**2 - 5*u + 2. Let c(z) = -4*r(z) + 5*y(z). What are the prime factors of c(-2)?
2, 17
List the prime factors of (-111*(-3)/36)/(2/16).
2, 37
What are the prime factors of 3137/(2*4/8)?
3137
Let b(g) = -g**3 - 2*g**2 - 18*g - 81. List the prime factors of b(-16).
17, 223
Let i(d) = -d**2 - 24*d + 44. What are the prime factors of i(-13)?
11, 17
Suppose -3*r + 14 = 5. Let k(a) = 2*a - r*a**2 + 3*a**2 - 10 + 0*a + a**2. List the prime factors of k(-7).
5
Let o = -683 + 466. Let r = -109 - o. List the prime factors of r.
2, 3
Let d = -926 - -1316. Suppose 17*v = 14*v + d. List the prime factors of v.
2, 5, 13
Suppose 15*k - 2581 - 2954 = 0. List the prime factors of k.
3, 41
Suppose -5*d = -j + 916, 4*j + 3*d = 4326 - 639. List the prime factors of j.
3, 307
Suppose 9 = -4*t + 57. What are the prime factors of t/(-24) - 102/(-4)?
5
Let h(d) = -89*d - 238. What are the prime factors of h(-6)?
2, 37
Let m = 119 + 66. Suppose 5*r - m = -5*c, -10*r - 3*c = -5*r - 175. What are the prime factors of r?
2
Suppose -400*y + 411*y = 23265. What are the prime factors of y?
3, 5, 47
Let b(s) = s**2 + 9*s + 1. Let j be b(-6). Let d = 46 + j. List the prime factors of d.
29
Let k be (-2)/1*1 - 1. List the prime factors of 44 + (-2 - k)*3.
47
Suppose 48*o + 2109 = 67*o. What are the prime factors of o?
3, 37
Suppose 5*z - 5122 = -4*b, 34*b - 5*z - 6425 = 29*b. List the prime factors of b.
1283
Suppose 16905 = 80*i - 59*i. What are the prime factors of i?
5, 7, 23
Suppose 0 = 19*h - 20*h + 5. Suppose -h*x + 279 = 114. What are the prime factors of x?
3, 11
Let b(d) = d**2 + 2*d - 1. Let l be b(-2). Let o be (2/(-6))/(l/36). What are the prime factors of -2 + 8 - o/3?
2
Let l(b) = b**2 + b + 4. Let i be l(-3). Suppose -8*v + i*v - 170 = 0. List the prime factors of v.
5, 17
What are the prime factors of -2 + (-9269)/(-4) + (-40)/32?
2, 13, 89
Suppose 59*g + 651 = 60*g. List the prime factors of g.
3, 7, 31
Let z(w) = 4*w**2 - 235*w + 218*w + 10 - 3*w**2 + 8. Let d be z(16). Suppose 3*f = d*f + 2*v + 41, 3*f - 132 = -3*v. List the prime factors of f.
43
Suppose 2*j = -3*v - 24, -4*j = -2*v - 5*j - 16. Let p(m) = -2*m**2 + 5*m**2 + 4*m - 7 - 2*m**2 + 2*m. List the prime factors of p(v).
3
Suppose 0 = 7*n + 5*n - 8112. List the prime factors of n.
2, 13
Suppose 4233 = 5*g + y, -24*y = -g - 29*y + 837. What are the prime factors of g?
7, 11
Let n be (3/2 - 2)*12/(-2). Let a(s) be the third derivative of 7*s**4/12 - 2*s**3/3 - 3*s**2. List the prime factors of a(n).
2, 19
Let v(j) be the third derivative of j**6/15 + j**5/20 - 5*j**4/24 + j**3/2 + 4*j**2. Let h be (2 + -6 - -2)*-1. List the prime factors of v(h).
3, 23
List the prime factors of 144965/40 - 11/88.
2, 3, 151
Let g(x) = -x**3 - 12*x**2 - 13*x + 8. Let i be g(-12). Suppose -4*l + 340 = w, -3*l + l + w + i = 0. What are the prime factors of l?
2, 3, 7
Let p = 1271 - 237. List the prime factors of p.
2, 11, 47
Suppose 0 = -5*c - 0*c + 20. Let v be 1 + -5 + c - 2. What are the prime factors of (-49)/(v - (-4 - -3))?
7
Let c = 7 - 9. What are the prime factors of -1*c/(-4)*-62?
31
List the prime factors of (334/(-2))/(1/(-21)).
3, 7, 167
Suppose -2*g - 1342 = -2*f, 3*g + 2735 = 5*f - 614. List the prime factors of f.
2, 167
Suppose 15 - 9 = -2*n. Let u be (-25)/(-5) + n/1. Suppose 0 = u*k - 25 - 7. What are the prime factors of k?
2
Let t = 19 - 10. Let w(a) = a**2 - 6*a + 4. Let h be w(6). Let i = h + t. What are the prime factors of i?
13
Suppose 3*s = s + 4. Suppose -57*l + 48*l = -36. Suppose -4*a + s*a + 54 = 2*r, -3*r + 67 = -l*a. List the prime factors of r.
5
Let l(s) = -7*s - 1. Let x = 8 - 12. List the prime factors of l(x).
3
Let i = -9 - -12. Let l(q) = 84*q + 2. Let d be l(i). Suppose 58 = -4*f + d. What are the prime factors of f?
7
Suppose -4*b + 17618 = 19*b. List the prime factors of b.
2, 383
Let l = 45 - -1599. List the prime factors of l.
2, 3, 137
Let y(r) = 5*r**2 - 2*r + 2. Let c(m) = -3 - 1 - m + 3. Let o be c(-3). List the prime factors of y(o).
2, 3
List the prime factors of 2 - (4 + -1984) - (1 - 7).
2, 7, 71
Suppose -12 = -3*a + 3. Suppose -2*t - a*t = -182. What are the prime factors of t?
2, 13
List the prime factors of (-8 - -11) + 5 - -1745.
1753
Let j be (2 - 3)*-149 - -3. Let t = j + -67. Suppose 3*n + 19 = t. What are the prime factors of n?
2, 11
Let q(k) = k**2 + 12*k - 15. Let x be q(-13). What are the prime factors of 3*(x - 100/(-15))?
2, 7
Suppose r - 27 = 4*r. Let g = 878 + -911. Let x = r - g. What are the prime factors of x?
2, 3
Suppose -22240 = -22*q - 10*q. What are the prime factors of q?
5, 139
Let a(s) = 120*s - 29. List the prime factors of a(7).
811
Suppose 5*y - 508 = -5*h + 7, -4*y = 5*h - 519. What are the prime factors of h?
107
Suppose -12*s = 7*s - 23085. What are the prime factors of s?
3, 5
Suppose 4*h - 88 = -2*v - 0*v, 5*h - 59 = -v. Suppose -10 = 3*o - v. Suppose 0 = -p -